 m(3). Let j = t - -74. Is j prime?
False
Suppose 3*p = 4*f + 97, -p = -0*f + 3*f - 28. Is p a prime number?
True
Suppose 17*n + 25 = 12*n. Let f(q) be the second derivative of 3*q**4/4 + 4*q**3/3 + 3*q**2 - q. Is f(n) prime?
True
Let t be 2 + 3/6*-4. Let h be 2/((t - 1) + -1). Let b(a) = -58*a + 1. Is b(h) a composite number?
False
Suppose 0 = 4*d - 4*s + 20, 2 = s - 3. Suppose -r + 3 - 4 = d. Is r/(3/(-42)*2) prime?
True
Let c(n) = -4*n + 5. Suppose 5*a = -0 - 40. Is c(a) prime?
True
Let h(o) = -12*o**3 - 5*o**2 - 9. Is h(-4) prime?
False
Suppose 7*c - 84 = -3*a + 4*c, -2*c - 60 = -2*a. Let b = 36 + a. Is b prime?
False
Let p be 0 + -2 + 1 + 249. Let o be 114/21 + (-3)/7. Suppose -4*v = o*a - 275, 5*a - 4*v = p + 27. Is a a composite number?
True
Let w(a) = -2*a**3 - 5*a**2 - 4*a - 2. Let g = -10 - -7. Is w(g) composite?
False
Let z = -65 + 132. Is z a prime number?
True
Let t(n) = -45*n - 8. Is t(-7) a prime number?
True
Suppose -s = -5*v + 2*s + 229, 0 = 3*v - s - 135. Suppose -z - 2*t + 0*t = -v, 15 = 3*t. Is z prime?
False
Let i(c) be the second derivative of -c**5/20 - c**4/6 + c**3/3 + c**2 - 2*c. Let z be i(-3). Suppose 14 = y - 4*x - 21, 4*y + z*x - 35 = 0. Is y composite?
True
Suppose 0 = -2*r - 0*r + 1874. Is r a prime number?
True
Let z(d) = 17*d + 11. Let b = 30 + -20. Is z(b) prime?
True
Suppose -m = m - 5*b - 87, 0 = -5*m - 2*b + 145. Is m a composite number?
False
Suppose 0 = 5*m - 3*t + 12, -t + 4 = -4*m. Suppose -3*s + 0*s + 231 = m. Suppose 5*a = -2*u - 2*u + s, -4*u - a + 57 = 0. Is u composite?
False
Let s be (-6)/(-4)*12/9. Suppose 3*f - p - 1 = 0, -f + s = -5*f + 2*p. Suppose 5*m - 5*k - 73 = 42, -46 = -f*m - 5*k. Is m composite?
False
Suppose 5*r - q = 95, -4*r = r + 4*q - 70. Let b = 37 + r. Suppose -4*o + 0*o = 2*g - 114, -g + b = o. Is g prime?
True
Let p = -17 - -8. Let h(j) = j**3 + 11*j**2 + 5*j - 6. Is h(p) composite?
True
Let t be (1 + 0)*(0 + 11). Let z be (t/(-2))/((-2)/4). Let y = z - 4. Is y composite?
False
Let z = 0 - -5. Suppose z*f = 60 + 205. Is f composite?
False
Let n = 82 + -5. Is n composite?
True
Let w(a) = 51*a**3 - a**2 + 1. Is w(1) prime?
False
Suppose -2*m = 3*m - 90. Suppose 3*k - 6*k + m = 0. Is k composite?
True
Suppose -19 - 85 = -4*z + 5*g, 5*z - 143 = 3*g. Is z prime?
True
Let w = 7449 - 4996. Is w a prime number?
False
Let r = -232 + 466. Suppose -r = p - 4*p. Is p + (3/1 - 2) a composite number?
False
Let z(t) = 58*t**2 - 6*t - 11. Is z(-2) a composite number?
False
Let r = 208 - 114. Suppose 0 = -o - 0*s - 3*s + 30, 5*s = -3*o + r. Is o composite?
True
Let u = 9 + -3. Let i(o) = -o**3 + 6*o**2 + 2*o + 9. Is i(u) prime?
False
Let b(c) = 57*c - 1. Let y be b(1). Suppose -4*r + 2*r - y = 0. Is (-1 - (-39)/(-12))*r composite?
True
Suppose 2*d - 2420 = 4*q + 2276, 0 = -4*q - 12. Is d a prime number?
False
Suppose 3*f - 6056 = -407. Is f a prime number?
False
Let j = -66 - -229. Is j prime?
True
Let r(b) = b**2 - 3*b - 2. Let i be (-3)/12 + (-57)/12. Let d be r(i). Suppose -u + d = u. Is u a prime number?
True
Let s = 26 + -14. Let n be s + (1 + 0)*-1. Suppose 0 = -2*x + 117 - n. Is x a prime number?
True
Suppose -3 = -4*r + 1. Is (-656)/(-14) + r/7 a prime number?
True
Let v(h) = -h**3 - 5*h**2 - 5*h + 3. Let u be 0 + (13 - -2)/3. Suppose u*p + 2 = -18. Is v(p) a prime number?
True
Suppose 2*s = 3*c - s - 5559, s + 3707 = 2*c. Is c/5 - (-6)/30 a prime number?
False
Is 8/(-52) - 145/(-13) composite?
False
Suppose 0 = f - 6 + 29. Let l = 82 + f. Is l prime?
True
Let m(k) = 1. Let o(y) = -3*y + 3. Let j be (-2)/1*(-1)/2. Let a(h) = j*o(h) - 4*m(h). Is a(-8) a composite number?
False
Suppose 13 - 1 = 2*p. Suppose -2*c = -0*c - p. Let l(v) = 4*v**3 + v**2 + 2. Is l(c) a prime number?
False
Suppose -7*f + 305 = -2*f. Suppose 4*x - 261 = -4*r - f, 2*x - 2*r - 112 = 0. Is x prime?
True
Let y = -1 - -5. Suppose 4*i - 16 - 70 = z, y*i - 96 = -4*z. Is i a composite number?
True
Let f(u) = -2*u - 7. Let a be f(-5). Suppose 0 = a*l + l - 28. Suppose b = l + 19. Is b a composite number?
True
Let q = 319 + -176. Is q a prime number?
False
Suppose -3*k = w - 3, k - 4*w + 2*w = 8. Suppose -u - 4*v - 21 = 0, 2*u - 3*v = -k*u + 11. Is u*31*(2 + -3) a composite number?
False
Let x(l) = l + 4. Let o be x(-4). Suppose o*z + 215 = z. Suppose 3*a + 68 = z. Is a composite?
True
Let q be (6/(-3))/(4/10). Let r(c) = c**3 - 5*c**2 - 1. Let l be r(5). Is q/(5/74)*l a prime number?
False
Suppose -871 = -3*a + l, l = 2*a - 3*l - 574. Is a a prime number?
False
Suppose -n = 2*u - 4*n - 269, 5*u - 620 = -3*n. Is u composite?
False
Let w(c) = c + 1. Let i be w(-1). Suppose -3*z = -i*z - 261. Is z a composite number?
True
Is (-1)/(-1) + (-76)/(-1) a prime number?
False
Suppose -3*s - 7 = g, -2*s = s + 3*g + 9. Let w be ((-6)/4)/1*s. Suppose 0 = -o + 4*u + 107, 0*o - o + 109 = -w*u. Is o a prime number?
False
Let v = -5 - 1. Let r(t) = -t - 8. Let y be r(v). Is (-1353)/(-12) + y/(-8) a composite number?
False
Suppose 3*f - 26 + 2 = 0. Let s be (8 - 3)/(2/f). Let q = s + -11. Is q a prime number?
False
Let g = -204 - -493. Is g a composite number?
True
Suppose 0*s + 15 = 5*s. Suppose s*f - 5*f = -114. Is f composite?
True
Suppose 0 = -5*h - 7 + 2. Let y(o) = -144*o**3 - o**2 + o + 1. Is y(h) a prime number?
False
Suppose -3744 = 5*v - 2*m, -3*v + 2246 = -6*v + m. Let f = v + -46. Is f/(-10) + (-4)/10 prime?
True
Let d(p) = -p**3 - 8*p**2 + 2*p + 4. Let j be d(-8). Let a(l) = -l**3 - 13*l**2 - 18*l - 5. Is a(j) a prime number?
True
Let r = -3 + 12. Let m be 24/r + 1/3. Suppose -c = -0*u + 3*u - 232, 242 = m*u - c. Is u composite?
False
Suppose 17 = -5*h - 13. Is (9/h)/(3/(-38)) a composite number?
False
Suppose 2 = 2*q - 2. Is 13/q*(0 - -14) a composite number?
True
Is (158*-1)/(-17 + 15) composite?
False
Suppose a - 549 = -100. Is a prime?
True
Let b be ((-6)/(-7))/(6/42). Let j(s) be the third derivative of -s**6/120 + s**5/10 + s**4/8 - 2*s**3/3 + s**2. Is j(b) a prime number?
False
Let h(m) = -2 - m**3 - 4*m + 5 - m**2 + 11*m**2 + 12*m. Is h(7) a prime number?
False
Let t = 816 + 821. Is t a prime number?
True
Is ((-20718)/24)/(5/(-20)) a composite number?
True
Suppose -2*g = 3634 - 10808. Is g a composite number?
True
Suppose -4*y + 5*r = 12 - 3, 3*y - 1 = -4*r. Let k be 0 - (y*4 - -2). Suppose -k*u - 4*f = -9*f - 89, -3*u - 5*f + 96 = 0. Is u prime?
True
Let n(w) = w + 9. Let g be n(-5). Let l(u) = u**3 + 3*u**2 - 6*u - 4. Let h be l(-4). Suppose -2*j + 78 = g*o, -5*j = -0*o - h*o - 167. Is j composite?
True
Let q(x) = x - 1. Let z be q(3). Let s(t) = -3*t + 2*t - z*t + 2. Is s(-8) a composite number?
True
Let c(w) = -w**3 + 723. Is c(0) a prime number?
False
Let x(f) = -165*f**3 + 1. Let v be 6/(-9)*(-9)/(-6). Is x(v) prime?
False
Let l(o) = 32*o**2 + 2*o. Let y(j) = -j**2 - j. Let v(i) = -l(i) - 3*y(i). Let a be v(-1). Let k = a - -69. Is k prime?
False
Is (-355)/(1/1*(-1)/1) composite?
True
Let v(y) = 3*y - 1. Let k be v(1). Suppose -2*j + 2*s = -164, -407 = k*j - 7*j + 4*s. Is j a composite number?
False
Let c(m) = -m + 4. Let z be c(0). Suppose i = -3*r - 16 + 43, 0 = -2*r - z*i + 8. Is r a composite number?
True
Let q(o) = -o + 21. Let f be q(0). Is f/(-35) - 488/(-5) a prime number?
True
Let s(p) be the second derivative of -49*p**3/3 - p**2/2 - p. Is s(-1) a prime number?
True
Is (-2 + (1 - -3))/((-26)/(-10907)) a prime number?
True
Let q = -65 + 128. Suppose -5*p = -10, -3*k + 4*p - q = -4*k. Let t = 60 + k. Is t a prime number?
False
Suppose 0 = 5*g + 20, -805 = 4*r - g - 217. Suppose -5*t = -0*o + 4*o - 1067, 0 = 4*t - 5*o - 870. Let d = r + t. Is d prime?
True
Suppose -7*a + 257 = -352. Is a prime?
False
Let a(v) = -7*v**3 - 8*v**2 - v + 1. Let n(u) = u**3 - 1. Let f(l) = -a(l) - 6*n(l). Is f(-7) prime?
True
Let t = 71 + -9. Let y(q) = -q**3 - q**2 - 6*q - 3. Let k be y(-5). Let o = k - t. Is o a prime number?
False
Let y(l) = 3*l - 32*l - l - 7. Is y(-8) prime?
True
Let v(p) = 5*p**2 + 2. Is v(-2) a composite number?
True
Let m(t) = -18*t + 1. Let k be m(-3). Let d = k - -86. Is d a prime number?
False
Suppose 4*f + 5*w - 52 = 2*w, -2*f + 32 = 3*w. Is f a prime number?
False
Let m = -8 + 11. Is (m - 6*-13) + -4 a composite number?
True
Is 1/(3/33 - 0) a prime number?
True
Suppose -3*k = 4 + 14. Let u(m)